6. Give l(10).
214
Let c(h) = 13*h**2 + 55*h - 619. Determine c(5).
-19
Let s(g) = 5*g - 292. Determine s(38).
-102
Let g(f) = -30*f**2 + 128*f + 293. Determine g(6).
-19
Let a(o) = o**3 + 17*o**2 + 29*o - 128. What is a(-14)?
54
Let q(h) = -12*h**2 - 110*h - 215. What is q(-6)?
13
Let b(a) = 2*a - 74. What is b(5)?
-64
Let r(f) = f**2 - 129*f - 381. What is r(132)?
15
Let b(k) = 57*k - 9. What is b(-5)?
-294
Let q(b) = 15*b. Calculate q(-14).
-210
Let z(i) = 6*i**2 + 188*i + 63. Give z(-31).
1
Let x(l) = l**3 + 15*l**2 - 25*l + 7. Calculate x(-16).
151
Let t(d) = -6*d**2 - 255*d + 418. Determine t(-44).
22
Let a(x) = 25*x - 1241. Give a(56).
159
Let p(n) = 223*n + 11819. Determine p(-53).
0
Let i(x) = x**2 + 12*x - 7. Determine i(-10).
-27
Let c(m) = 16*m - 76. Determine c(19).
228
Let z(v) = -166*v + 8. What is z(3)?
-490
Let w(a) = -6599*a - 112190. Determine w(-17).
-7
Let u(h) = -h**2 + 43*h + 4097. Calculate u(-46).
3
Let i(t) = -11113*t + 55569. Give i(5).
4
Let y(m) = m**3 + m**2 - 16*m - 23. Give y(-3).
7
Let j(a) = 71*a**2 - 222*a + 18. Give j(3).
-9
Let t(v) = 4*v**3 - 105*v**2 + 119*v - 2457. Determine t(26).
-39
Let h(t) = -t**3 + 29*t**2 - 7*t - 1312. Give h(27).
-43
Let n(b) = 4*b + 112. Determine n(3).
124
Let x(d) = 3*d**3 + 18*d**2 + 31*d + 30. Determine x(-6).
-156
Let x(y) = -54*y + 5800. Calculate x(107).
22
Let x(q) = 2*q**2 - 16*q - 5. Calculate x(9).
13
Let g(q) = -108*q - 2805. Calculate g(-26).
3
Let f(w) = 3*w**3 + 110*w**2 - 190*w - 9435. Give f(-36).
-3
Let v(d) = 2*d**3 - 2*d**2 + 4*d - 1. Determine v(4).
111
Let l(r) = -r**2 - 26*r + 263. Give l(-36).
-97
Let x(y) = -517*y + 23779. Give x(46).
-3
Let h(t) = -2*t**2 - 208*t - 1911. Give h(-94).
-31
Let m(p) = 8*p + 111. What is m(12)?
207
Let c(s) = 4*s**3 + 6*s**2 - 9*s + 5. Calculate c(2).
43
Let y(a) = 4*a**3 - 778*a**2 - 387*a - 593. Calculate y(195).
-8
Let p(v) = 84*v - 436. Calculate p(8).
236
Let n(q) = -2*q**3 + 3*q**2 + 13*q - 10. Determine n(4).
-38
Let z(b) = -b**3 + 14*b**2 + 25*b - 42. Calculate z(15).
108
Let c(k) = -70*k - 1183. Give c(-17).
7
Let r(g) = 2972*g + 136734. Calculate r(-46).
22
Let o(l) = -l**3 - 99*l**2 + 103*l + 315. Give o(-100).
15
Let z(x) = -2483*x + 22352. Calculate z(9).
5
Let h(o) = o**2 + 1133*o - 11418. What is h(10)?
12
Let x(s) = -2*s**3 - 175*s**2 + 75*s - 1090. Give x(-88).
54
Let k(b) = 3*b**2 - 30*b + 28. Calculate k(10).
28
Let m(k) = 16*k**3 - 69*k**2 + 28*k - 38. Calculate m(4).
-6
Let p(c) = 3*c**2 - 87*c - 178. Give p(31).
8
Let f(q) = -59*q**2 + 77*q + 65. Give f(-1).
-71
Let u(j) = j**2 - 73*j - 360. Determine u(77).
-52
Let p(v) = -v**3 + 12*v**2 + 12*v - 34. What is p(12)?
110
Let r(i) = -5*i**3 - 12*i**2 + 12*i + 14. What is r(-3)?
5
Let a(d) = -32*d**2 - 1605*d - 264. Give a(-50).
-14
Let k(o) = -o**2 - 29*o - 42. Determine k(-27).
12
Let u(x) = -x**3 - 2*x**2 + 70*x - 371. What is u(9)?
-632
Let s(p) = 2*p**2 - 80*p + 87. Determine s(37).
-135
Let o(y) = 8*y + 4. Give o(-3).
-20
Let c(f) = -17*f**2 - 820*f - 61. Calculate c(-48).
131
Let b(u) = -128*u + 341. What is b(3)?
-43
Let o(r) = r**2 + 14*r + 72. Determine o(14).
464
Let d(y) = 2*y**3 - 2*y**2 + 4*y + 37. Calculate d(-5).
-283
Let x(w) = w**3 - 5*w**2 + 25*w - 112. What is x(5)?
13
Let l(u) = -3*u**2 - 491*u + 7988. Give l(15).
-52
Let x(f) = f**2 + 41*f - 1466. Determine x(23).
6
Let p(a) = -a**3 + 25*a**2 - 24*a - 20. Determine p(24).
-20
Let u(m) = 16*m**2 - 5*m - 16. Calculate u(-5).
409
Let y(c) = 6*c**2 + 389*c - 183. Calculate y(-65).
-118
Let d(f) = -6*f**2 - 121*f - 332. Give d(-3).
-23
Let x(c) = 2*c**2 - 161*c + 784. What is x(5)?
29
Let j(k) = k**3 - 3*k**2 + 854*k - 3425. Determine j(4).
7
Let x(l) = l**2 + 160*l + 5992. What is x(-101)?
33
Let m(h) = h**3 + 253*h**2 - 249*h + 1296. Calculate m(-254).
26
Let m(o) = 16*o**2 - 813*o + 1572. What is m(2)?
10
Let q(a) = -9*a**2 + 776*a + 611. What is q(87)?
2
Let t(g) = -g**3 + 7*g**2 - 13*g - 2. Give t(5).
-17
Let h(q) = q**3 + 98*q**2 + 2*q + 238. Calculate h(-98).
42
Let q(r) = 235*r + 215. Give q(-3).
-490
Let n(o) = 20*o**2 + 1323*o + 221. Give n(-66).
23
Let v(k) = -1609*k + 6513. Determine v(4).
77
Let l(i) = -i - 31. What is l(2)?
-33
Let l(c) = -c**2 - 17*c + 46797. Calculate l(-225).
-3
Let h(v) = -17*v**2 + 67*v + 12. Give h(4).
8
Let t(f) = -412*f + 2780. Determine t(6).
308
Let z(p) = -p**2 - 483*p - 4233. Determine z(-9).
33
Let b(f) = -4*f**2 - 14*f + 39. Determine b(-6).
-21
Let b(m) = -18*m + 699. Give b(37).
33
Let m(f) = -570*f + 1130. Calculate m(2).
-10
Let y(z) = -35*z - 1646. Give y(-47).
-1
Let r(j) = 2*j**3 + 27*j**2 + 15*j + 28. Calculate r(-13).
2
Let i(m) = -2*m**3 - 175*m**2 - 88*m - 86. Give i(-87).
1
Let s(r) = r**3 + 65*r**2 - 210*r - 254. What is s(-68)?
154
Let k(a) = 149*a - 5. Give k(0).
-5
Let f(i) = -2*i**3 - 159*i**2 - 275*i - 3193. Determine f(-78).
5
Let p(u) = 89*u**2 + 888*u. Determine p(-10).
20
Let h(d) = 1660*d + 1789. What is h(-1)?
129
Let d(t) = t**3 + 13*t**2 - 22*t - 53. What is d(-14)?
59
Let i(y) = 99*y + 4711. Calculate i(-46).
157
Let q(i) = -i**2 + 83*i + 561. Calculate q(88).
121
Let i(p) = 2*p**3 - 15*p**2 + 12*p - 18. Calculate i(8).
142
Let o(i) = i**3 - 14*i**2 + 39*i - 88. What is o(9)?
-142
Let j(g) = g**2 + 9*g - 19. Calculate j(-13).
33
Let u(z) = 1803*z + 23436. Determine u(-13).
-3
Let c(d) = -8*d - 90. Give c(25).
-290
Let z(n) = -847*n + 7622. What is z(9)?
-1
Let p(x) = x**3 - x**2 - 37*x + 6. What is p(6)?
-36
Let i(c) = -c**2 + 12804*c - 179063. What is i(14)?
-3
Let f(b) = -b**3 + 16*b**2 + 4. Calculate f(16).
4
Let a(g) = g**2 - 136*g + 2320. Calculate a(116).
0
Let z(l) = -l**3 - 85*l**2 - 414*l - 1116. Calculate z(-80).
4
Let s(q) = 12*q**2 - 106*q + 25. Give s(10).
165
Let s(p) = -2788*p - 22333. Calculate s(-8).
-29
Let f(j) = -5*j**3 + 60*j**2 - 6*j + 108. What is f(12)?
36
Let t(x) = 339*x + 1188. Calculate t(-5).
-507
Let i(h) = 56*h - 2975. Give i(53).
-7
Let z(m) = -2*m**3 + 46*m**2 - 89*m - 104. Calculate z(21).
-209
Let h(v) = -v**3 - 13*v**2 + 9*v + 84. Calculate h(-16).
708
Let u(o) = -10*o**3 - 48*o**2 + 53*o - 3. Determine u(1).
-8
Let i(q) = 302*q + 28966. Calculate i(-96).
-26
Let z(i) = 26*i + 297. Give z(-30).
-483
Let d(n) = n**2 + 230*n + 5827. Calculate d(-29).
-2
Let k(s) = -s**2 + 86*s - 943. Determine k(13).
6
Let x(h) = -h**2 - 32*h + 144. Give x(5).
-41
Let z(n) = -26*n + 249. Give z(6).
93
Let h(r) = -2*r**2 + 7*r - 102. Calculate h(9).
-201
Let l(z) = 33*z + 22. Determine l(3).
121
Let g(m) = 44*m - 1839. Calculate g(41).
-35
Let v(r) = 65*r + 888. Calculate v(-14).
-22
Let z(c) = -4*c**2 - 29*c - 46. What is z(-6)?
-16
Let z(a) = -a**3 - 92*a**2 + 105*a + 150. Determine z(-93).
-966
Let n(s) = -522*s + 76. What is n(0)?
76
Let f(b) = 4*b**3 + 2*b**2 - 14*b - 7. What is f(-4)?
-175
Let g(i) = -20*i**2 + 119*i - 27. Determine g(5).
68
Let h(n) = n**2 - 29*n + 10. What is h(30)?
40
Let l(q) = q**2 - 34*q + 449. What is l(38)?
601
Let h(y) = 66*y + 432. Give h(-7).
-30
Let l(u) = -u**2 - 6*u - 98. Calculate l(0).
-98
Let z(a) = 2*a**2 - 35*a - 1334. Give z(-19).
53
Let j(m) = -m**3 + 11*m**2 - 46*m + 184. Calculate j(8).
8
Let l(y) = -316*y - 256. Give l(-1).
60
Let o(h) = -168*h**3 + 13*h**2 + 13*h - 21. Give o(-2).
1349
Let l(o) = 57*o**2 - 57*o - 178. What is l(-3)?
506
Let d(w) = 3*w**3 + 29*w**2 + 8*w - 7. Determine d(-9).
83
Let x(w) = 2*w**3 + 47*w**2 + 17*w + 80. Give x(-23).
218
Let j(t) = -149*t + 144. What is j(1)?
-5
Let h(b) = -44*b**2 + 1630*b - 68. Give h(37).
6
Let x(j) = -1628*j - 40688. Calculate x(-25).
12
Let d(q) = -177*q + 3184. Determine d(18).
-2
Let z(y) = y**3 - 17*y**2 - 25*y - 248. What is z(19)?
-1
Let l(p) = p**3 - 28*p**2 - 158*p - 201. Give l(33).
30
Let n(r) = 197*r**3 - 4*r**2 - 3*r - 1. Calculate n(-1).
-199
Let o(v) = 50*v + 58. Give o(5).
308
Let t(d) = -d**3 + 10*d**2 - 25*d + 15. Calculate t(6).
9
Let x(r) = -r**3 - 30*r**2 + 5*r - 155. Give x(-30).
-305
Let d(x) = 81*x - 1220. Calculate d(15).
-5
Let u(i) = i**2 + 58*i + 471. Calculate u(-10).
-9
Let b(y) = -647*y + 2591. Calculate b(4).
3
Let u(t) = 7*t**2 + 87*t + 116. Give u(-11).
6
Let c(d) = -d**3 - 32*d**2 + 73*d + 119. What is c(-34)?
-51
Let h(y) = 4423*y - 30958. Calculate h(7).
3
Let p(w